468080951 a composite number?
True
Is 956589659 a composite number?
True
Is 221281 a composite number?
False
Is 29284637 prime?
False
Is 7788453 a prime number?
False
Is 6345851 composite?
False
Is 8257213 prime?
False
Is 157873 a prime number?
False
Is 81173773 a prime number?
True
Is 132674191 prime?
False
Is 24428903 a prime number?
True
Is 85136803 prime?
False
Is 74379367 a composite number?
False
Is 3913907 composite?
False
Is 8401373 composite?
True
Is 1262269 a composite number?
False
Is 194890231 prime?
False
Is 13330203 a prime number?
False
Is 602280551 prime?
True
Is 25966501 a composite number?
True
Is 4913869 prime?
False
Is 1033559 a prime number?
True
Is 20999551 composite?
False
Is 1867261 prime?
False
Is 12759479 composite?
False
Is 224689849 prime?
True
Is 148283533 composite?
False
Is 358998751 prime?
True
Is 3812069 composite?
True
Is 114880429 prime?
False
Is 537396539 a prime number?
True
Is 739867 composite?
True
Is 90014959 a prime number?
False
Is 31173157 a prime number?
False
Is 9067829 prime?
True
Is 10238941 prime?
True
Is 171866059 a prime number?
False
Is 1144223 composite?
False
Is 19310899 composite?
False
Is 2289715 composite?
True
Is 120607229 composite?
False
Is 16720787 a prime number?
False
Is 1549057 prime?
False
Is 13102851 composite?
True
Is 8541041 prime?
True
Is 5263261 composite?
True
Is 4288153 a prime number?
False
Is 31873841 a prime number?
True
Is 59755193 a prime number?
True
Is 1831366 a prime number?
False
Is 64697483 a composite number?
True
Is 10246623 composite?
True
Is 16064663 a prime number?
False
Is 3707741 prime?
True
Is 9086582 a composite number?
True
Is 2879907 prime?
False
Is 105298081 prime?
False
Is 3625129 composite?
True
Is 8997713 a prime number?
True
Is 1143128537 prime?
False
Is 9209593 composite?
False
Is 39626611 prime?
True
Is 1121402 prime?
False
Is 13805731 a composite number?
False
Is 42139187 a prime number?
False
Is 16148329 prime?
True
Is 1628323 prime?
True
Is 44864999 a prime number?
True
Is 9201971 composite?
False
Is 2075417 prime?
True
Is 53031221 a prime number?
True
Is 21908759 a prime number?
False
Is 135767 a prime number?
False
Is 9871313 composite?
True
Is 9799997 composite?
False
Is 10316711 prime?
True
Is 1036459 prime?
True
Is 43937221 a prime number?
False
Is 9979961 prime?
True
Is 594358079 composite?
True
Is 130665991 prime?
True
Is 5240441 a composite number?
False
Is 61195241 composite?
True
Is 407982038 a composite number?
True
Is 104633857 a prime number?
True
Is 3043973 a prime number?
True
Is 1748993 a composite number?
False
Is 929129 composite?
False
Is 4835947 a prime number?
True
Is 732418655 a composite number?
True
Is 6785201 prime?
False
Is 426401 a composite number?
False
Is 27717667 a prime number?
False
Is 379721 a prime number?
True
Is 15421339 composite?
True
Is 14284001 a prime number?
True
Is 2594231 a composite number?
True
Is 4542245 a prime number?
False
Is 49273678 composite?
True
Is 886967 a prime number?
True
Is 39993001 a composite number?
True
Is 2171163 prime?
False
Is 2328793 a composite number?
True
Is 51567847 prime?
False
Is 2040007 prime?
False
Is 113174209 a prime number?
True
Is 1389667 a composite number?
False
Is 6335281 a composite number?
True
Is 7879073 composite?
False
Is 240548537 a composite number?
False
Is 15200641 prime?
True
Is 14724911 composite?
False
Is 38983667 a prime number?
False
Is 403159 a prime number?
True
Is 19261921 a composite number?
True
Is 444116009 prime?
False
Is 21174577 a prime number?
False
Is 1936939 composite?
True
Is 796450201 a composite number?
False
Is 1370689 a prime number?
False
Is 4969577 prime?
False
Is 1665815819 composite?
False
Is 1180927 prime?
False
Is 868909 composite?
False
Is 241517258 prime?
False
Is 14901547 prime?
True
Is 4941785 a composite number?
True
Is 7207933 a prime number?
False
Is 1485389 prime?
False
Is 4921493 a prime number?
True
Is 32371007 a prime number?
False
Is 625451 a prime number?
True
Is 199453633 prime?
False
Is 207680089 a composite number?
True
Is 4039831 a prime number?
True
Is 78636899 composite?
True
Is 719977 a composite number?
True
Is 24374927 a prime number?
True
Is 1942361 composite?
False
Is 473897101 composite?
False
Is 2013821 composite?
False
Is 1751539 a composite number?
True
Is 72968815 composite?
True
Is 330208513 a composite number?
False
Is 8837279 composite?
True
Is 7292167 prime?
False
Is 17778421 a prime number?
False
Is 22277909 a prime number?
True
Is 221861 a prime number?
False
Is 69562307 a composite number?
False
Is 125651689 a prime number?
True
Is 20331095 a composite number?
True
Is 3721567 prime?
False
Is 459859 a prime number?
False
Is 9377603 a prime number?
True
Is 48206113 a prime number?
True
Is 5357233 a prime number?
False
Is 14816387 composite?
False
Is 109102393 composite?
False
Is 32467277 a prime number?
True
Is 158661553 a prime number?
True
Is 23415185 prime?
False
Is 33376661 a composite number?
True
Is 4205023 prime?
False
Is 406981 prime?
True
Is 17645489 composite?
False
Is 2682373 a prime number?
True
Is 2984369 a prime number?
False
Is 108148223 composite?
True
Is 92347589 a composite number?
True
Is 29003979 prime?
False
Is 1604597 a composite number?
False
Is 402181619 a composite number?
True
Is 114324797 a prime number?
False
Is 2943527 a prime number?
True
Is 400458109 composite?
False
Is 29434961 composite?
True
Is 1729469 a composite number?
True
Is 12574867 prime?
False
Is 149399921 a prime number?
False
Is 5828579 a prime number?
False
Is 131962867 a composite number?
True
Is 3447317 prime?
False
Is 7191389 a composite number?
True
Is 16413733 prime?
False
Is 220889101 composite?
False
Is 152825171 composite?
False
Is 1413451 composite?
True
Is 146413627 composite?
False
Is 302503711 composite?
True
Is 6137743 prime?
False
Is 4300739 composite?
True
Is 32334131 a composite number?
False
Is 537275269 a composite number?
False
Is 632673443 a composite number?
True
Is 15756611 a prime number?
False
Is 44018707 a composite number?
True
Is 6540887 prime?
False
Is 10430717 a prime number?
False
Is 458737 a composite number?
True
Is 1376255 prime?
False
Is 91710697 a composite number?
True
Is 372367 a composite number?
False
Is 1790621 prime?
False
Is 4194739 prime?
True
Is 4105763 prime?
True
Is 7310093 composite?
True
Is 2376443 a prime number?
True
Is 4663499 prime?
True
Is 42709607 prime?
True
Is 7434347 a prime number?
True
Is 25816423 a composite number?
False
Is 675029 a composite number?
False
Is 2370139 prime?
False
Is 271403221 prime?
True
Is 4766081 composite?
True
Is 3051071 a prime number?
True
Is 4437665 composite?
True
Is 2941171 composite?
True
Is 3531463 a composite number?
True
Is 92123977 a prime number?
False
Is 150411185 a composite number?
True
Is 35986921 a composite number?
False
Is 321051677 a prime number?
True
Is 4218887 a composite number?
True
Is 418447 a composite number?
False
Is 71646539 a prime number?
False
Is 1004203 composite?
True
Is 51582187 prime?
True
Is 109755605 a composite number?
True
Is 1665739 a prime number?
False
Is 2398889 composite?
False
Is 808859 composite?
True
Is 44996129 prime?
False
Is 19264477 a prime number?
True
Is 376711 composite?
True
Is 544488335 prime?
False
Is 1371541 a composite number?
False
Is 64177 composite?
True
Is 15235249 composite?
False
Is 2762031 a prime number?
False
Is 50781673 a prime number?
False
Is 37776251 a composite number?
True
Is 30542113 a composite number?
True
Is 50186291 composite?
False
Is 137459233 a composite number?
False
Is 22892749 prime?
False
Is 5922713 a composite number?
False
Is 243742669 a composite number?
False
Is 49883563 prime?
True
Is 2254267 a composite number?
False
Is 10728041 a prime number?
False
Is 1497271 prime?
True
Is 29113543 composite?
False
Is 21003571 a composite number?
True
Is 9795083 composite?
False
Is 3699019 composite?
True
Is 27216193 composite?
False
Is 2803358 a prime number?
False
Is 2526707 prime?
False
Is 7744207 a prime number?
True
Is 4790369 a prime number?
True
Is 5453177 prime?
False
Is 4038949 a composite number?
False
Is 30107239 a prime number?
False
Is 1137819 a composite number?
True
Is 54023519 a composite number?
True
Is 10857279 prime